ase 13, what is 17 + 3aa151?
3aa168
In base 8, what is 4116065 - 252?
4115613
In base 16, what is 4cda + -20b4?
2c26
In base 5, what is 100 + 141421320?
141421420
In base 15, what is -5 - -2800a82?
2800a7c
In base 8, what is 1070 - 1572?
-502
In base 11, what is 4 + -8151169?
-8151165
In base 15, what is 538b0 + 78d?
5414d
In base 5, what is 4 + 441414040204?
441414040213
In base 5, what is 20211001331 + -4?
20211001322
In base 9, what is -3 - 102033767?
-102033771
In base 15, what is 5c2db1 - -12?
5c2dc3
In base 11, what is 464 - 343a5a?
-3435a6
In base 13, what is -1c822abc + 3?
-1c822ab9
In base 2, what is 1 - -10010010010111001001101111?
10010010010111001001110000
In base 11, what is 1 - 29041341?
-29041340
In base 14, what is 9 - -23c62c?
23c637
In base 4, what is 13030212131 + 1133?
13030213330
In base 16, what is -1 + 55c37?
55c36
In base 8, what is -43271 - -2051?
-41220
In base 9, what is -10 + 444103?
444083
In base 6, what is 44210 + 2322?
50532
In base 16, what is 16 + 25f8e?
25fa4
In base 12, what is 74 + 1a19947?
1a199bb
In base 5, what is -30211142 - 22?
-30211214
In base 12, what is 4 + 1370195?
1370199
In base 4, what is -3111 + -30110300?
-30120011
In base 11, what is -8a + 99903?
99824
In base 10, what is -3 - -103684668?
103684665
In base 7, what is 456 - 1363506?
-1363020
In base 11, what is 259 + 20614?
20872
In base 3, what is -12111010002001 + -112?
-12111010002120
In base 7, what is 6 + 6526036?
6526045
In base 6, what is -2 + 5310532423?
5310532421
In base 8, what is -4336274 + -204?
-4336500
In base 14, what is 8d94 + 234b?
b301
In base 15, what is -285e + 4be?
-2390
In base 3, what is 1011121100 - 21022111?
220021212
In base 9, what is -34 - 57126?
-57161
In base 7, what is -100450053 - 41?
-100450124
In base 4, what is -11011110 + -2311230?
-13323000
In base 10, what is -30845259 + -3?
-30845262
In base 2, what is -10 + 11000110111000100000111?
11000110111000100000101
In base 5, what is -31203001333 - 2?
-31203001340
In base 11, what is -6 - -22598419?
22598413
In base 11, what is -4441216 - 5?
-4441220
In base 10, what is 4473 + -974?
3499
In base 13, what is 6b788 + -2a41?
68a47
In base 10, what is -5 - 130350074?
-130350079
In base 11, what is 934772 - -a2?
934864
In base 9, what is -2 - 244337363?
-244337365
In base 13, what is -15 + 62cb8b?
62cb76
In base 10, what is -233359 - -29?
-233330
In base 15, what is 3 - -1c0274?
1c0277
In base 10, what is 75 - -97715?
97790
In base 9, what is 1 - 158301503?
-158301502
In base 14, what is -22496 - -12?
-22484
In base 3, what is -2222220 - 22220102000?
-100000101220
In base 4, what is 130121 - 231000013?
-230203232
In base 14, what is -b + 1a881?
1a874
In base 5, what is -341403244440 + 0?
-341403244440
In base 9, what is 44132 - 7161?
35861
In base 11, what is 4 + -1862132?
-1862129
In base 10, what is 2134 - 2281?
-147
In base 11, what is -753789 - -22a?
-75355a
In base 14, what is 41c504 + 75?
41c579
In base 3, what is -10100210 + -21020?
-10122000
In base 16, what is 3 - 4e79a?
-4e797
In base 15, what is -6 - 180568?
-18056e
In base 3, what is 121 - 1101010012211?
-1101010012020
In base 12, what is -1126 - -1923?
7b9
In base 8, what is -243 - -33547704?
33547441
In base 16, what is 25c - -daef?
dd4b
In base 14, what is -2 + -61ba87?
-61ba89
In base 9, what is -4021767107 - 2?
-4021767110
In base 2, what is 10000101010011011101 - 1110101100?
10000101000100110001
In base 5, what is 1241 + 32024324?
32031120
In base 4, what is 100333 - 1322322?
-1221323
In base 11, what is -3080 - -a49?
-2132
In base 12, what is -49b005 - 1?
-49b006
In base 6, what is -12130 - 153535?
-210105
In base 4, what is 1212233 - 11222211?
-10003312
In base 15, what is 5 - b2e0?
-b2da
In base 4, what is -3133103200020 + 0?
-3133103200020
In base 4, what is 1211122 - -2233303?
10111031
In base 7, what is -11401 - 126652?
-141353
In base 4, what is -123 - -112130010202?
112130010013
In base 10, what is -5678 + -1684?
-7362
In base 6, what is -21140023 + -1111?
-21141134
In base 12, what is -9b1399a + 1?
-9b13999
In base 4, what is -3 - 1021103120?
-1021103123
In base 7, what is 15 + -264460?
-264442
In base 7, what is -3524 - -3045056?
3041232
In base 10, what is 4 - -934325?
934329
In base 2, what is 100101100111111010101011000110 + 10?
100101100111111010101011001000
In base 8, what is 12637 + 3436?
16275
In base 11, what is 24478 + 1872?
2623a
In base 8, what is 100 - -13716?
14016
In base 6, what is 52222 - 5052?
43130
In base 4, what is 1220320 + 212302?
2033222
In base 3, what is 11201 - -212101020201?
212101102102
In base 4, what is -33 + -10113222023?
-10113222122
In base 15, what is 75 - 37383?
-3730d
In base 3, what is -1122001102122222 - -111?
-1122001102122111
In base 16, what is -22 - -7cdce3?
7cdcc1
In base 5, what is -132420 - 2441411?
-3124331
In base 7, what is -166005025 + -15?
-166005043
In base 3, what is -201022021 + -22200211?
-1001000002
In base 8, what is -12136226 - -5?
-12136221
In base 6, what is 5145 - 230420?
-221231
In base 4, what is -133 + -303010032303?
-303010033102
In base 16, what is 3945f9 - 3?
3945f6
In base 16, what is -2b71f1 - -3?
-2b71ee
In base 8, what is -5 - 235377052?
-235377057
In base 5, what is -4 - 43310143201?
-43310143210
In base 15, what is 46633c - -3?
466340
In base 5, what is 4124310 - -422?
4130232
In base 13, what is -4 + 42615309?
42615305
In base 5, what is -320 + 222033?
221213
In base 16, what is 16 - 314e6?
-314d0
In base 6, what is 14112532 + -13?
14112515
In base 14, what is -4 + 2967a91?
2967a8b
In base 12, what is 10 - -1496812?
1496822
In base 3, what is -1 + -221011121122021?
-221011121122022
In base 10, what is 5383 + 44?
5427
In base 4, what is 1011023130 - 223?
1011022301
In base 14, what is -5 - 5bba592?
-5bba597
In base 12, what is -4 - 2441169?
-2441171
In base 16, what is -4a25a0 + d?
-4a2593
In base 8, what is -45732674 + 0?
-45732674
In base 15, what is 1115 - 149?
ebb
In base 6, what is 41130333 + -202?
41130131
In base 2, what is 1011010011000 - -100001111011100?
101101001110100
In base 15, what is 373 - -3ad61?
3b1d4
In base 3, what is 12000110100 - -10011?
12000120111
In base 10, what is 49797 + 19?
49816
In base 16, what is -1b58cc7 - 2?
-1b58cc9
In base 5, what is -224 - 4403100?
-4403324
In base 9, what is -353 - -138301?
137837
In base 7, what is -463 - 64144?
-64640
In base 9, what is -60133438 + 3?
-60133435
In base 5, what is 344212 + -33202?
311010
In base 16, what is -ce1 - 27b?
-f5c
In base 4, what is -1011 + -131120031000?
-131120032011
In base 5, what is 2404402 - 1133?
2403214
In base 10, what is 1 + -46176841?
-46176840
In base 13, what is -14b - -20155?
20007
In base 6, what is -100 + -12533040?
-12533140
In base 10, what is 2510461 - 5?
2510456
In base 4, what is -3201000223211 + -10?
-3201000223221
In base 12, what is 238546 + 116b?
2396b5
In base 16, what is 12b86 + -2b1?
128d5
In base 2, what is 1001101010110011011100001100 - 0?
1001101010110011011100001100
In base 6, what is 11 + -21341051515?
-21341051504
In base 5, what is -24303301 + -10?
-24303311
In base 6, what is 32023 - -1542124?
2014151
In base 4, what is -123021133 + -1103?
-123022302
In base 14, what is 5 - -1328753?
1328758
In base 12, what is -46 - -b14a5?
b145b
In base 11, what is 13741 - -28?
13769
In base 5, what is 2021100 + -112012?
1404033
In base 16, what is acc + 563?
102f
In base 9, what is 14476026 + -11?
14476015
In base 10, what is 151 - 708578?
-708427
In base 5, what is -2133220311 - 2?
-2133220313
In base 15, what is -1516 + -d3c9?
-e8e0
In base 5, what is -1 + 3210031031?
3210031030
In base 2, what is -101010110111011000 + 100?
-101010110111010100
In base 16, what is -1c - 4baad?
-4bac9
In base 13, what is b57 - -3a17?
4871
In base 15, what is 1b6aadd - 3?
1b6aada
In base 6, what is 40222 + -55453?
-15231
In base 3, what is 121 - -21122122021210?
21122122022101
In base 13, what is -1b3 + 1131b9?
113006
In base 4, what is 1213312012330 + -11?
1213312012313
In base 12, what is 5 - -150401a?
1504023
In base 14, what is -d022 - -39?
-cdc7
In base 4, what is -11010203310 + -2?
-11010203312
In base 2, what is 11011101101 - 10010100111110000?
-10010001100000011
In base 6, what is -312541520 - 5?
-312541525
In base 15, w